rs of 1125157155?
3, 5, 17, 4412381
What are the prime factors of 497135847?
3, 13, 2903, 4391
List the prime factors of 722356095.
3, 5, 17, 223, 12703
What are the prime factors of 6407976408?
2, 3, 1559, 171263
List the prime factors of 3203733731.
11, 291248521
List the prime factors of 49513611.
3, 7, 2357791
What are the prime factors of 519785863?
17, 193, 9319
List the prime factors of 153806624.
2, 31, 155047
What are the prime factors of 135217858?
2, 67608929
List the prime factors of 92288683.
47, 719, 2731
What are the prime factors of 77522690?
2, 5, 7, 1107467
What are the prime factors of 4925321951?
11, 1987, 225343
What are the prime factors of 2268204859?
2268204859
List the prime factors of 12334996.
2, 17, 181397
What are the prime factors of 51917110?
2, 5, 7, 199, 3727
List the prime factors of 2068287992.
2, 258535999
What are the prime factors of 94679643?
3, 67, 127, 3709
List the prime factors of 9289104.
2, 3, 11, 73, 241
What are the prime factors of 353973097?
19, 31, 600973
List the prime factors of 90888694.
2, 13, 47, 74377
What are the prime factors of 717225708?
2, 3, 107, 558587
What are the prime factors of 603377754?
2, 3, 7, 877, 16381
List the prime factors of 379389756.
2, 3, 181, 174673
What are the prime factors of 186253281?
3, 137, 151057
List the prime factors of 105139604.
2, 26284901
List the prime factors of 58276705.
5, 19, 613439
What are the prime factors of 2196844?
2, 13, 83, 509
List the prime factors of 101622067.
41, 2478587
List the prime factors of 1434713433.
3, 29, 16490959
List the prime factors of 122135846.
2, 7, 31, 281419
List the prime factors of 61984559.
7, 13, 13901
What are the prime factors of 1402625973?
3, 7, 53, 127, 9923
What are the prime factors of 368596019?
11, 33508729
What are the prime factors of 6655603709?
11087, 600307
What are the prime factors of 498031185?
3, 5, 73, 454823
List the prime factors of 3001234823.
71, 2417, 17489
List the prime factors of 7369548.
2, 3, 614129
What are the prime factors of 3672823028?
2, 7, 103, 181931
What are the prime factors of 68692390?
2, 5, 13, 528403
What are the prime factors of 1169007759?
3, 67, 937, 2069
What are the prime factors of 1890930053?
1193, 1585021
What are the prime factors of 1547800693?
5147, 300719
List the prime factors of 46203879.
3, 15401293
What are the prime factors of 105542391?
3, 35180797
What are the prime factors of 8540510?
2, 5, 11, 77641
What are the prime factors of 64057756?
2, 7, 2287777
What are the prime factors of 18125018?
2, 31, 283, 1033
List the prime factors of 6257895440.
2, 5, 78223693
What are the prime factors of 285086556?
2, 3, 7919071
What are the prime factors of 1412087015?
5, 6599, 42797
List the prime factors of 13803119.
11, 467, 2687
What are the prime factors of 32433595?
5, 31, 209249
List the prime factors of 105061191.
3, 35020397
What are the prime factors of 1845680206?
2, 922840103
What are the prime factors of 23599071?
3, 2622119
What are the prime factors of 5490370?
2, 5, 549037
What are the prime factors of 1501951829?
7, 31, 6921437
What are the prime factors of 1830572626?
2, 29, 31561597
What are the prime factors of 52433859?
3, 23, 759911
List the prime factors of 126000868.
2, 7, 61, 73771
List the prime factors of 278603800.
2, 5, 1393019
What are the prime factors of 405550656?
2, 3, 7, 14369
List the prime factors of 2929557563.
53, 347, 159293
What are the prime factors of 49436729?
23, 97, 22159
What are the prime factors of 128452653?
3, 7, 43, 47417
What are the prime factors of 4507874862?
2, 3, 163, 1601, 2879
List the prime factors of 7150540.
2, 5, 17, 21031
What are the prime factors of 39043953?
3, 13, 307, 1087
List the prime factors of 125587657.
13, 37, 191, 1367
What are the prime factors of 1168884026?
2, 584442013
What are the prime factors of 33611525?
5, 1344461
What are the prime factors of 590446549?
7, 11, 7668137
List the prime factors of 81763753.
81763753
List the prime factors of 493804495.
5, 457, 216107
What are the prime factors of 142833641?
7877, 18133
List the prime factors of 79017766.
2, 4547, 8689
What are the prime factors of 47593389?
3, 43, 137, 2693
List the prime factors of 774941188.
2, 7, 27676471
List the prime factors of 203141978.
2, 13, 7813153
List the prime factors of 612029124.
2, 3, 7, 2428687
What are the prime factors of 39499097?
11, 1231, 2917
What are the prime factors of 8271532?
2, 2067883
List the prime factors of 1088790730.
2, 5, 373, 291901
List the prime factors of 613273014.
2, 3, 47, 277, 2617
What are the prime factors of 76029609?
3, 25343203
List the prime factors of 47373062.
2, 11, 2153321
List the prime factors of 363057192.
2, 3, 199, 25339
What are the prime factors of 574935250?
2, 5, 19, 121039
List the prime factors of 99229225.
5, 41, 131, 739
What are the prime factors of 3999490?
2, 5, 11, 103, 353
List the prime factors of 2146029908.
2, 11, 48773407
List the prime factors of 728685694.
2, 11, 33122077
List the prime factors of 137995475.
5, 5519819
What are the prime factors of 1703073303?
3, 19, 3319831
List the prime factors of 1891636545.
3, 5, 126109103
What are the prime factors of 4389426096?
2, 3, 11, 157, 52951
What are the prime factors of 565670093?
565670093
What are the prime factors of 734306867?
7, 107, 179, 5477
List the prime factors of 52420928.
2, 7, 17, 6883
What are the prime factors of 2712078?
2, 3, 17, 8863
What are the prime factors of 384466678?
2, 97, 1981787
What are the prime factors of 320325448?
2, 40040681
What are the prime factors of 160986196?
2, 7, 5749507
List the prime factors of 1659668077.
743, 2233739
What are the prime factors of 1237904810?
2, 5, 17, 139, 52387
What are the prime factors of 60225334?
2, 13, 79, 109, 269
List the prime factors of 18414952.
2, 19, 121151
What are the prime factors of 477531335?
5, 631, 151357
List the prime factors of 36760934.
2, 7, 19, 113, 1223
List the prime factors of 2960154530.
2, 5, 283, 733, 1427
What are the prime factors of 73349812?
2, 18337453
List the prime factors of 586334338.
2, 19, 37, 417023
What are the prime factors of 27067452?
2, 3, 2255621
List the prime factors of 35498151.
3, 13, 127, 2389
List the prime factors of 620530611.
3, 139, 577, 2579
List the prime factors of 607468901.
13, 31, 613, 2459
What are the prime factors of 57993735?
3, 5, 89, 43441
What are the prime factors of 3789515325?
3, 5, 19, 2659309
List the prime factors of 28980993.
3, 71, 359, 379
What are the prime factors of 287518803?
3, 11, 13, 61, 10987
What are the prime factors of 107644684?
2, 7, 293, 13121
What are the prime factors of 1023971856?
2, 3, 139, 167, 919
What are the prime factors of 2105062013?
2105062013
What are the prime factors of 660251304?
2, 3, 17, 179807
List the prime factors of 1191451787.
1191451787
What are the prime factors of 59008768?
2, 7, 13, 17, 149
List the prime factors of 890657727.
3, 17, 23, 33013
What are the prime factors of 1297937108?
2, 13, 29, 860701
What are the prime factors of 1717712921?
547, 3140243
What are the prime factors of 92714635?
5, 13, 1426379
List the prime factors of 269290431.
3, 107, 279637
What are the prime factors of 9858512?
2, 616157
What are the prime factors of 2362716510?
2, 3, 5, 7, 11, 1022821
List the prime factors of 1007001095.
5, 653, 308423
What are the prime factors of 50415179?
50415179
What are the prime factors of 180192001?
11, 16381091
What are the prime factors of 3083195947?
13, 227, 80369
What are the prime factors of 492615437?
492615437
What are the prime factors of 1132257744?
2, 3, 2620967
List the prime factors of 1513288877.
19, 79646783
What are the prime factors of 1637986857?
3, 13, 953, 44071
List the prime factors of 690808812.
2, 3, 57567401
List the prime factors of 11859164.
2, 79, 37529
List the prime factors of 235833895.
5, 11, 31, 138319
What are the prime factors of 2213195829?
3, 13, 19, 2986769
What are the prime factors of 80156656?
2, 23, 67, 3251
List the prime factors of 46539113.
19, 29, 84463
What are the prime factors of 366147336?
2, 3, 15256139
What are the prime factors of 529831897?
7, 37, 103, 19861
List the prime factors of 4007769.
3, 1087, 1229
What are the prime facto